{"id":115,"date":"2023-04-13T17:05:23","date_gmt":"2023-04-13T14:05:23","guid":{"rendered":"https:\/\/johnscotts.se\/arkadia\/?page_id=115"},"modified":"2026-03-13T18:12:35","modified_gmt":"2026-03-13T16:12:35","slug":"weekly-sports","status":"publish","type":"page","link":"https:\/\/johnscotts.se\/arkadia\/weekly-sports\/","title":{"rendered":"LIVE SPORT \u2013 John Scott\u2019s Helsinki"},"content":{"rendered":"<div data-am-content><p data-start=\"469\" data-end=\"849\"><strong data-start=\"469\" data-end=\"574\">Live-urheilu Arkadiassa tarjoaa parhaat otteluhetket suoraan John Scott\u2019s Arkadian pubissa Helsingiss\u00e4.<\/strong><br data-start=\"574\" data-end=\"577\" \/>Seuraa suosituimpia urheilul\u00e4hetyksi\u00e4 isolta ruudulta rennossa ja viihtyis\u00e4ss\u00e4 pubitunnelmassa Kampin syd\u00e4mess\u00e4. Tarjolla on live-n\u00e4yt\u00f6ksi\u00e4 jalkapallosta, j\u00e4\u00e4kiekosta ja muista fanien suosimista lajeista \u2013 t\u00e4ydellinen ymp\u00e4rist\u00f6 nauttia urheilusta yhdess\u00e4 yst\u00e4vien kanssa.<\/p>\n<p data-start=\"851\" data-end=\"1088\">John Scott\u2019s Arkadia on tunnettu urheiluyst\u00e4v\u00e4llisest\u00e4 ilmapiirist\u00e4\u00e4n, herkullisista juomista ja hyvist\u00e4 ruoka-vaihtoehdoista, jotka tekev\u00e4t urheiluiltojen seuraamisesta viel\u00e4 paremman kokemuksen. Tule kokemaan urheilun j\u00e4nnitys Arkadiaan!<\/p>\n<p>N\u00e4yt\u00e4mme listan urheilua \u00e4\u00e4nell\u00e4 osassa ravintolassa, urheilua n\u00e4ytet\u00e4\u00e4n my\u00f6s ilman \u00e4\u00e4ni\u00e4 mik\u00e4li meill\u00e4 on muuta tapahtumaa.<br \/>\nPid\u00e4t\u00e4mme oikeuden ohjelmamuutoksiin. Meill\u00e4 n\u00e4kyy Viasatin ja MTV Katsomon urheilukanavat. Otamme my\u00f6s toiveita peleist\u00e4 mit\u00e4 haluatte katsoa.<\/p>\n<h2>L\u00f6yd\u00e4 ArkadiAAN<\/h2>\n<p><strong>John Scott\u2019s Arkadia<\/strong><br \/>\nSalomonkatu 1<br \/>\n00100 Helsinki<\/p>\n<p>N\u00e4yt\u00e4mme listan urheilua \u00e4\u00e4nell\u00e4 osassa ravintolassa, urheilua n\u00e4ytet\u00e4\u00e4n my\u00f6s ilman \u00e4\u00e4ni\u00e4 mik\u00e4li meill\u00e4 on muuta tapahtumaa.<br \/>\nPid\u00e4t\u00e4mme oikeuden ohjelmamuutoksiin.<\/p>\n<p>We show the list of sports with sound in some area restaurant, sports are also shown without sound if we have another event.<br \/>\nWe reserve the right to program changes.<\/p>\n<\/div>","protected":false},"excerpt":{"rendered":"<p>Live-urheilu Arkadiassa tarjoaa parhaat otteluhetket suoraan John Scott\u2019s Arkadian pubissa Helsingiss\u00e4.Seuraa suosituimpia urheilul\u00e4hetyksi\u00e4 isolta ruudulta rennossa ja viihtyis\u00e4ss\u00e4 pubitunnelmassa Kampin syd\u00e4mess\u00e4. Tarjolla on live-n\u00e4yt\u00f6ksi\u00e4 jalkapallosta, j\u00e4\u00e4kiekosta ja muista fanien suosimista lajeista \u2013 t\u00e4ydellinen ymp\u00e4rist\u00f6 nauttia urheilusta yhdess\u00e4 yst\u00e4vien kanssa. John Scott\u2019s Arkadia on tunnettu urheiluyst\u00e4v\u00e4llisest\u00e4 ilmapiirist\u00e4\u00e4n, herkullisista juomista ja hyvist\u00e4 ruoka-vaihtoehdoista, jotka tekev\u00e4t urheiluiltojen seuraamisesta [&hellip;]<\/p>\n","protected":false},"author":23,"featured_media":0,"parent":0,"menu_order":0,"comment_status":"closed","ping_status":"closed","template":"templates\/template-sport.php","meta":{"_acf_changed":false,"footnotes":""},"class_list":["post-115","page","type-page","status-publish","hentry"],"acf":[],"_links":{"self":[{"href":"https:\/\/johnscotts.se\/arkadia\/wp-json\/wp\/v2\/pages\/115","targetHints":{"allow":["GET"]}}],"collection":[{"href":"https:\/\/johnscotts.se\/arkadia\/wp-json\/wp\/v2\/pages"}],"about":[{"href":"https:\/\/johnscotts.se\/arkadia\/wp-json\/wp\/v2\/types\/page"}],"author":[{"embeddable":true,"href":"https:\/\/johnscotts.se\/arkadia\/wp-json\/wp\/v2\/users\/23"}],"replies":[{"embeddable":true,"href":"https:\/\/johnscotts.se\/arkadia\/wp-json\/wp\/v2\/comments?post=115"}],"version-history":[{"count":16,"href":"https:\/\/johnscotts.se\/arkadia\/wp-json\/wp\/v2\/pages\/115\/revisions"}],"predecessor-version":[{"id":1322,"href":"https:\/\/johnscotts.se\/arkadia\/wp-json\/wp\/v2\/pages\/115\/revisions\/1322"}],"wp:attachment":[{"href":"https:\/\/johnscotts.se\/arkadia\/wp-json\/wp\/v2\/media?parent=115"}],"curies":[{"name":"wp","href":"https:\/\/api.w.org\/{rel}","templated":true}]}}