{"id":138,"date":"2023-04-19T16:14:42","date_gmt":"2023-04-19T13:14:42","guid":{"rendered":"https:\/\/johnscotts.se\/arkadia\/?page_id=138"},"modified":"2026-02-04T11:48:53","modified_gmt":"2026-02-04T09:48:53","slug":"menu","status":"publish","type":"page","link":"https:\/\/johnscotts.se\/arkadia\/menu\/","title":{"rendered":"Menu"},"content":{"rendered":"<div data-am-content><p data-start=\"272\" data-end=\"560\"><strong data-start=\"272\" data-end=\"302\">John Scott\u2019s Arkadian menu<\/strong> tarjoaa maukasta pubiruokaa ja tuttuja klassikoita <strong data-start=\"354\" data-end=\"385\">Helsingin Arkadian alueella<\/strong>, Kampin ja T\u00f6\u00f6l\u00f6n l\u00e4heisyydess\u00e4. Ruokalistamme on suunniteltu nautittavaksi rennossa pubi- ja ravintolaymp\u00e4rist\u00f6ss\u00e4 \u2013 sopien niin lounaalle, after workiin kuin illanviettoon.<\/p>\n<p data-start=\"562\" data-end=\"752\">Menu Arkadiassa yhdist\u00e4\u00e4 laadukkaat raaka-aineet, selke\u00e4t maut ja John Scott\u2019sille ominaisen mutkattoman tunnelman. Tutustu ruokalistaan alta ja l\u00f6yd\u00e4 oma suosikkisi John Scott\u2019s Arkadiassa.<\/p>\n<h3>LIGHTER ALTERNATIVES<\/h3>\n<p><strong>Nachos <\/strong><strong>(G) 10 \u20ac<\/strong><\/p>\n<p>Served with cheddar cheese sauce and salsa.<\/p>\n<p><strong>Chips with Dip (L, G) 6 \u20ac <\/strong><\/p>\n<p><strong>Halloumi Chips with Dip (G) 10 \u20ac<\/strong><\/p>\n<p><strong>Onion Rings (L) 8 \u20ac<\/strong><\/p>\n<p>House-made beer battered onion rings served with a dip of choice.<\/p>\n<p><strong>Mac &amp; Cheese (L) 15 \u20ac<\/strong><\/p>\n<p>Macaroni with cheese sauce.<\/p>\n<p><strong>Jacket Potato (L, G) 15 \u20ac<\/strong><\/p>\n<p>With chili con carne \/ chili con verdura<\/p>\n<p>&nbsp;<\/p>\n<p><em><strong>Add Extra dip sauce 2 \u20ac<\/strong><\/em><\/p>\n<p><strong>Dips:\u00a0<\/strong>BBQ, Aioli, Chipotle, Dijon, Vegan Aioli, Chili B\u00e9arnaise, Remoulade, Blue Cheese.<\/p>\n<h3>SALADS AND SANDWICHES<\/h3>\n<p><strong>John Scott\u2019s Caesar Salad (L, G**) 13,90 \u20ac<\/strong><\/p>\n<p>With chicken \/ salmon \/ halloumi <strong>18,90 \u20ac<\/strong><\/p>\n<p>Topped with bacon crumble, croutons and parmesan.<\/p>\n<p><strong>Country Salad (L, G<em>**<\/em>) 18,90 \u20ac<\/strong><\/p>\n<p>With crispy chicken \/ salmon<\/p>\n<p>Orange balsamic vinegar, potato salad, green beans, bacon, cherry tomatoes, pickled onions and egg. Served with bread.<\/p>\n<p><strong>Chicken Sandwich (L) 22 \u20ac<\/strong><\/p>\n<p>Chicken breast, cheddar cheese, bacon, Dijon mayonnaise, salad, tomato and pickled red onions. Served with chips and a dip of choice.<\/p>\n<p><strong>Toast with Crisps (L) 21 \u20ac<\/strong><\/p>\n<p>Toast with beef pastrami, mayonnaise, cheddar, pickles, tomato and lettuce. Served with crisps.<\/p>\n<h3>BURGERS<\/h3>\n<p><strong>John Scott\u2019s Burger (L) 14,90 \u20ac<\/strong><\/p>\n<p>120g beef patty, cheddar cheese, salad, dressing, tomato and pickled red onions. served with chips, aioli, chili b\u00e9arnaise and bbq-sauce. <em>dips cannot be changed.<\/em><\/p>\n<p><strong>BBQ Bacon Burger (L) 19,90 \u20ac<\/strong><\/p>\n<p>120g beef patty, bacon, cheddar cheese, salad, dressing, BBQ sauce, tomato and pickled red onions. Served with chips and a dip of choice.<\/p>\n<p><strong>Halloumi Burger 19,90 \u20ac<\/strong><\/p>\n<p>Fried halloumi, salad, dressing, tomato and pickled red onions. Served with chips and a dip of choice.<\/p>\n<p><strong>Vegan Burger (Ve) 19,90 \u20ac<\/strong><\/p>\n<p>Vegan cheddar, vegan aioli, spicy tomato salsa, salad and pickled red onions. Served with chips and a dip of choice.<\/p>\n<p><strong>Burger of the Month 19, 90 \u20ac<\/strong><\/p>\n<p>Ask our staff for more information.<\/p>\n<p>&nbsp;<\/p>\n<p><em>All burgers are available gluten- free!<\/em><\/p>\n<p><strong><em>Extra steak for your burger? +4,5 \u20ac<\/em><\/strong><\/p>\n<h3>MAIN COURSES<\/h3>\n<p><strong>John Scott\u2019s Fish &amp; Chips (L) 19,90 \u20ac<\/strong><\/p>\n<p>H\u00f6ga Kusten- beer battered fish served with remoulade and pea pur\u00e9e. <em>Dips cannot be changed<\/em><\/p>\n<p><strong>Chicken Wings 10 pcs (L, G) 15 \u20ac \u00a0\u00a0\u00a0\u00a0\u00a0<\/strong><\/p>\n<p><em>5 extra wings 5 \u20ac<\/em><\/p>\n<p>Served with blue cheese dip.<\/p>\n<p><strong>Salmon (L, G) 25 \u20ac<\/strong><\/p>\n<p>Fried salmon with mashed potatoes, hollandaise sauce and green beans.<\/p>\n<p><strong>Pork Chop (L, G) 25 \u20ac<\/strong><\/p>\n<p>Fried pork chop with Kopparberg Naked Apple cider sauce, mashed potatoes and green beans.<\/p>\n<p><strong>Corn-fed Chicken (L, G) 25 \u20ac<\/strong><\/p>\n<p>Fried Corn-fed chicken with bone, b\u00e9arnaise sauce, French fries and green beans.<\/p>\n<p><strong>Crispy Fry Mix 22 \u20ac <\/strong><\/p>\n<p>Chips, crispy chicken fingers, house-made beer battered onion rings and mozzarella sticks. Served with two dips of choice.<\/p>\n<h3>MILKSHAKES<\/h3>\n<p><strong>Chocolate Cream Dream <\/strong><strong>(L, G**,P\u00c4) <\/strong><strong>12 \u20ac <\/strong><\/p>\n<p>Chocolate ice cream, Cream liquer, chocolate sauce, milk and cream.<\/p>\n<p><strong>Strawberry- Lime Shake <\/strong><strong>(L, G) <\/strong><strong>12 \u20ac<\/strong><\/p>\n<p>Strawberry ice cream, Kopparberg Strawberry-lime cider, strawberries<\/p>\n<p><strong>Cherry Storm Shake <\/strong><strong>(L, G**, P\u00c4) <\/strong><strong>12 \u20ac<\/strong><\/p>\n<p>Chocolate ice cream, Cherry Storm RTD, milk and cream.<\/p>\n<p><strong>Salmiak &amp; Raspberry Shake (L, G) 12 \u20ac<\/strong><\/p>\n<p>Salty liquorice ice cream, raspberry cider, raspberries, milk and cream.<\/p>\n<p><strong><em>ALL SHAKES ARE AVAILABLE ALCOHOL-FREE 8 \u20ac<\/em><\/strong><\/p>\n<p>&nbsp;<\/p>\n<h3><strong>FOR CHILDREN<\/strong><\/h3>\n<p><strong>Chicken fingers with Chips (L)<\/strong><\/p>\n<p><strong>Fish &amp; Chips (L)<\/strong><\/p>\n<p><strong>Burger with Chips (L, G**)<\/strong><\/p>\n<p><strong>9,90 \u20ac<\/strong><\/p>\n<p><strong>Includes a soft drink and ice cream.<\/strong><\/p>\n<p>&nbsp;<\/p>\n<p><em>Do you have allergies or want to know more about the food? Ask our staff!<\/em><\/p>\n<p>L = Lactose-free, G= Gluten-free, Ve= Vegan, G**=Available Gluten-free P\u00c4= Contains nuts<\/p>\n<\/div>","protected":false},"excerpt":{"rendered":"<p>John Scott\u2019s Arkadian menu tarjoaa maukasta pubiruokaa ja tuttuja klassikoita Helsingin Arkadian alueella, Kampin ja T\u00f6\u00f6l\u00f6n l\u00e4heisyydess\u00e4. Ruokalistamme on suunniteltu nautittavaksi rennossa pubi- ja ravintolaymp\u00e4rist\u00f6ss\u00e4 \u2013 sopien niin lounaalle, after workiin kuin illanviettoon. Menu Arkadiassa yhdist\u00e4\u00e4 laadukkaat raaka-aineet, selke\u00e4t maut ja John Scott\u2019sille ominaisen mutkattoman tunnelman. Tutustu ruokalistaan alta ja l\u00f6yd\u00e4 oma suosikkisi John Scott\u2019s [&hellip;]<\/p>\n","protected":false},"author":23,"featured_media":0,"parent":0,"menu_order":0,"comment_status":"closed","ping_status":"closed","template":"","meta":{"_acf_changed":false,"footnotes":""},"class_list":["post-138","page","type-page","status-publish","hentry"],"acf":[],"_links":{"self":[{"href":"https:\/\/johnscotts.se\/arkadia\/wp-json\/wp\/v2\/pages\/138","targetHints":{"allow":["GET"]}}],"collection":[{"href":"https:\/\/johnscotts.se\/arkadia\/wp-json\/wp\/v2\/pages"}],"about":[{"href":"https:\/\/johnscotts.se\/arkadia\/wp-json\/wp\/v2\/types\/page"}],"author":[{"embeddable":true,"href":"https:\/\/johnscotts.se\/arkadia\/wp-json\/wp\/v2\/users\/23"}],"replies":[{"embeddable":true,"href":"https:\/\/johnscotts.se\/arkadia\/wp-json\/wp\/v2\/comments?post=138"}],"version-history":[{"count":14,"href":"https:\/\/johnscotts.se\/arkadia\/wp-json\/wp\/v2\/pages\/138\/revisions"}],"predecessor-version":[{"id":1261,"href":"https:\/\/johnscotts.se\/arkadia\/wp-json\/wp\/v2\/pages\/138\/revisions\/1261"}],"wp:attachment":[{"href":"https:\/\/johnscotts.se\/arkadia\/wp-json\/wp\/v2\/media?parent=138"}],"curies":[{"name":"wp","href":"https:\/\/api.w.org\/{rel}","templated":true}]}}