{"id":29,"date":"2023-03-20T10:39:18","date_gmt":"2023-03-20T09:39:18","guid":{"rendered":"https:\/\/johnscotts.se\/arkadia\/?page_id=29"},"modified":"2026-04-13T14:01:08","modified_gmt":"2026-04-13T11:01:08","slug":"after-work-happy-hours-helsinki","status":"publish","type":"page","link":"https:\/\/johnscotts.se\/arkadia\/start\/after-work-happy-hours-helsinki\/","title":{"rendered":"After Work Happy Hours \u2013 John Scott\u2019s Arkadia"},"content":{"rendered":"<div data-am-content><p data-start=\"351\" data-end=\"619\"><strong data-start=\"351\" data-end=\"401\">After Work Happy Hours John Scott\u2019s Arkadiassa<\/strong> on t\u00e4ydellinen tapa rentoutua ty\u00f6p\u00e4iv\u00e4n j\u00e4lkeen Helsingin keskustassa. Arkadian alueella, Kampin ja T\u00f6\u00f6l\u00f6n kupeessa sijaitseva pubimme tarjoaa edullisia juoma- ja ruokatarjouksia rennossa ja viihtyis\u00e4ss\u00e4 ymp\u00e4rist\u00f6ss\u00e4.<\/p>\n<p data-start=\"621\" data-end=\"775\">After work Arkadiassa tarkoittaa hyv\u00e4\u00e4 seuraa, toimivaa palvelua ja mutkatonta tunnelmaa \u2013 juuri sellainen paikka, johon on helppo poiketa suoraan t\u00f6ist\u00e4.<\/p>\n<p data-start=\"838\" data-end=\"1039\">John Scott\u2019s Arkadian <strong data-start=\"860\" data-end=\"886\">After Work Happy Hours<\/strong> on voimassa arkisin klo 14-18 ja tarjoaa loistavia tarjouksia niin juomista kuin ruoasta. T\u00e4m\u00e4 tekee Arkadiasta suositun after work -paikan Helsingin keskustassa.<\/p>\n<p data-start=\"1041\" data-end=\"1157\">Katso ajankohtaiset tarjoukset t\u00e4lt\u00e4 sivulta ja tule viett\u00e4m\u00e4\u00e4n rentoa iltap\u00e4iv\u00e4\u00e4 yst\u00e4vien tai ty\u00f6kavereiden kanssa.<\/p>\n<p>Monday &#8211; Friday 2-6 pm we invite you to our After Work Happy Hours in Arkadia, Helsinki. During these hours we offer you a really good deals:<\/p>\n<p><strong>Draught Kopparberg Cider \/ Keisari Beer 40 cl &#8211; 5\u20ac<\/strong><br \/>\n<strong>Glass of wine 16 cl (Red, white, sparkling 12cl) &#8211; 6\u20ac<\/strong><\/p>\n<p><strong>John Scott&#8217;s Burger &#8211; 13,90\u20ac<\/strong><\/p>\n<p><strong>Sofiero 0% 33cl &#8211; 2\u20ac<\/strong><br \/>\n<strong>Alcohol Free Ciders 33cl &#8211; 2\u20ac<\/strong><\/p>\n<\/div>","protected":false},"excerpt":{"rendered":"<p>After Work Happy Hours John Scott\u2019s Arkadiassa on t\u00e4ydellinen tapa rentoutua ty\u00f6p\u00e4iv\u00e4n j\u00e4lkeen Helsingin keskustassa. Arkadian alueella, Kampin ja T\u00f6\u00f6l\u00f6n kupeessa sijaitseva pubimme tarjoaa edullisia juoma- ja ruokatarjouksia rennossa ja viihtyis\u00e4ss\u00e4 ymp\u00e4rist\u00f6ss\u00e4. After work Arkadiassa tarkoittaa hyv\u00e4\u00e4 seuraa, toimivaa palvelua ja mutkatonta tunnelmaa \u2013 juuri sellainen paikka, johon on helppo poiketa suoraan t\u00f6ist\u00e4. John Scott\u2019s [&hellip;]<\/p>\n","protected":false},"author":2,"featured_media":0,"parent":6,"menu_order":0,"comment_status":"closed","ping_status":"closed","template":"","meta":{"_acf_changed":false,"footnotes":""},"class_list":["post-29","page","type-page","status-publish","hentry"],"acf":[],"_links":{"self":[{"href":"https:\/\/johnscotts.se\/arkadia\/wp-json\/wp\/v2\/pages\/29","targetHints":{"allow":["GET"]}}],"collection":[{"href":"https:\/\/johnscotts.se\/arkadia\/wp-json\/wp\/v2\/pages"}],"about":[{"href":"https:\/\/johnscotts.se\/arkadia\/wp-json\/wp\/v2\/types\/page"}],"author":[{"embeddable":true,"href":"https:\/\/johnscotts.se\/arkadia\/wp-json\/wp\/v2\/users\/2"}],"replies":[{"embeddable":true,"href":"https:\/\/johnscotts.se\/arkadia\/wp-json\/wp\/v2\/comments?post=29"}],"version-history":[{"count":13,"href":"https:\/\/johnscotts.se\/arkadia\/wp-json\/wp\/v2\/pages\/29\/revisions"}],"predecessor-version":[{"id":1373,"href":"https:\/\/johnscotts.se\/arkadia\/wp-json\/wp\/v2\/pages\/29\/revisions\/1373"}],"up":[{"embeddable":true,"href":"https:\/\/johnscotts.se\/arkadia\/wp-json\/wp\/v2\/pages\/6"}],"wp:attachment":[{"href":"https:\/\/johnscotts.se\/arkadia\/wp-json\/wp\/v2\/media?parent=29"}],"curies":[{"name":"wp","href":"https:\/\/api.w.org\/{rel}","templated":true}]}}