{"id":481,"date":"2023-12-08T21:31:17","date_gmt":"2023-12-08T20:31:17","guid":{"rendered":"https:\/\/johnscotts.se\/kopparberg\/?page_id=481"},"modified":"2025-12-16T12:14:25","modified_gmt":"2025-12-16T11:14:25","slug":"bowling","status":"publish","type":"page","link":"https:\/\/johnscotts.se\/kopparberg\/exempelsida\/bowling\/","title":{"rendered":"Bowling"},"content":{"rendered":"<div data-am-content><p>BOWLINGENS \u00d6PPETTIDER JUL &amp; NY\u00c5R:<\/p>\n<p>27\/12 kl.12-22<\/p>\n<p>30\/12 kl.12-20<\/p>\n<p>2\/1 kl.12-22<\/p>\n<p>3\/1 kl.12-22<\/p>\n<p>&nbsp;<\/p>\n<p>Ordinarie \u00f6ppettider fr\u00e5n 8 januari.<\/p>\n<p>M\u00e5ndag: ST\u00c4NGT<\/p>\n<p>Tisdag: kl.10-20<\/p>\n<p>Onsdag: ST\u00c4NGT<\/p>\n<p>Torsdag: kl.10-20<\/p>\n<p>Fredag: kl.10-18, efter kl.18 \u00f6ppet endast vid f\u00f6rbokning (minst 2 banor)<\/p>\n<p>L\u00f6rdag: kl.15-22<\/p>\n<p>&nbsp;<\/p>\n<p>Kontakt:<\/p>\n<p>Mail: scottensbowling@gmail.com<\/p>\n<p>Tel. 0580-19020<\/p>\n<\/div>","protected":false},"excerpt":{"rendered":"<p>BOWLINGENS \u00d6PPETTIDER JUL &amp; NY\u00c5R: 27\/12 kl.12-22 30\/12 kl.12-20 2\/1 kl.12-22 3\/1 kl.12-22 &nbsp; Ordinarie \u00f6ppettider fr\u00e5n 8 januari. M\u00e5ndag: ST\u00c4NGT Tisdag: kl.10-20 Onsdag: ST\u00c4NGT Torsdag: kl.10-20 Fredag: kl.10-18, efter kl.18 \u00f6ppet endast vid f\u00f6rbokning (minst 2 banor) L\u00f6rdag: kl.15-22 &nbsp; Kontakt: Mail: scottensbowling@gmail.com Tel. 0580-19020<\/p>\n","protected":false},"author":19,"featured_media":268,"parent":2,"menu_order":0,"comment_status":"closed","ping_status":"closed","template":"","meta":{"_acf_changed":false,"footnotes":""},"class_list":["post-481","page","type-page","status-publish","has-post-thumbnail","hentry"],"acf":[],"_links":{"self":[{"href":"https:\/\/johnscotts.se\/kopparberg\/wp-json\/wp\/v2\/pages\/481","targetHints":{"allow":["GET"]}}],"collection":[{"href":"https:\/\/johnscotts.se\/kopparberg\/wp-json\/wp\/v2\/pages"}],"about":[{"href":"https:\/\/johnscotts.se\/kopparberg\/wp-json\/wp\/v2\/types\/page"}],"author":[{"embeddable":true,"href":"https:\/\/johnscotts.se\/kopparberg\/wp-json\/wp\/v2\/users\/19"}],"replies":[{"embeddable":true,"href":"https:\/\/johnscotts.se\/kopparberg\/wp-json\/wp\/v2\/comments?post=481"}],"version-history":[{"count":11,"href":"https:\/\/johnscotts.se\/kopparberg\/wp-json\/wp\/v2\/pages\/481\/revisions"}],"predecessor-version":[{"id":657,"href":"https:\/\/johnscotts.se\/kopparberg\/wp-json\/wp\/v2\/pages\/481\/revisions\/657"}],"up":[{"embeddable":true,"href":"https:\/\/johnscotts.se\/kopparberg\/wp-json\/wp\/v2\/pages\/2"}],"wp:featuredmedia":[{"embeddable":true,"href":"https:\/\/johnscotts.se\/kopparberg\/wp-json\/wp\/v2\/media\/268"}],"wp:attachment":[{"href":"https:\/\/johnscotts.se\/kopparberg\/wp-json\/wp\/v2\/media?parent=481"}],"curies":[{"name":"wp","href":"https:\/\/api.w.org\/{rel}","templated":true}]}}