{"id":2107,"date":"2025-03-27T11:41:26","date_gmt":"2025-03-27T10:41:26","guid":{"rendered":"https:\/\/johnscotts.se\/kyrkogatan\/?page_id=2107"},"modified":"2026-01-23T11:29:51","modified_gmt":"2026-01-23T10:29:51","slug":"aw-pa-stallet","status":"publish","type":"page","link":"https:\/\/johnscotts.se\/kyrkogatan\/aw-pa-stallet\/","title":{"rendered":"AW p\u00e5 Stallet."},"content":{"rendered":"<div data-am-content><p>Tr\u00e4ffa v\u00e4nnerna f\u00f6r en n\u00e5got gott att \u00e4ta och dricka efter jobbet. Hos oss sitter ni en trevlig, avslappad milj\u00f6 d\u00e4r ni alltid \u00e4r varmt v\u00e4lkomna.<\/p>\n<p>Vi ses p\u00e5 aw hos oss!<\/p>\n<ul>\n<li><strong>TISDAG \u2013 TORSDAG 15:00 \u201318:00<\/strong><\/li>\n<li><strong>FREDAG 15:00 \u201319:00<\/strong><\/li>\n<\/ul>\n<\/div>","protected":false},"excerpt":{"rendered":"<p>Tr\u00e4ffa v\u00e4nnerna f\u00f6r en n\u00e5got gott att \u00e4ta och dricka efter jobbet. Hos oss sitter ni en trevlig, avslappad milj\u00f6 d\u00e4r ni alltid \u00e4r varmt v\u00e4lkomna. Vi ses p\u00e5 aw hos oss! TISDAG \u2013 TORSDAG 15:00 \u201318:00 FREDAG 15:00 \u201319:00<\/p>\n","protected":false},"author":14,"featured_media":0,"parent":0,"menu_order":0,"comment_status":"closed","ping_status":"closed","template":"","meta":{"_acf_changed":false,"footnotes":""},"class_list":["post-2107","page","type-page","status-publish","hentry"],"acf":[],"_links":{"self":[{"href":"https:\/\/johnscotts.se\/kyrkogatan\/wp-json\/wp\/v2\/pages\/2107","targetHints":{"allow":["GET"]}}],"collection":[{"href":"https:\/\/johnscotts.se\/kyrkogatan\/wp-json\/wp\/v2\/pages"}],"about":[{"href":"https:\/\/johnscotts.se\/kyrkogatan\/wp-json\/wp\/v2\/types\/page"}],"author":[{"embeddable":true,"href":"https:\/\/johnscotts.se\/kyrkogatan\/wp-json\/wp\/v2\/users\/14"}],"replies":[{"embeddable":true,"href":"https:\/\/johnscotts.se\/kyrkogatan\/wp-json\/wp\/v2\/comments?post=2107"}],"version-history":[{"count":6,"href":"https:\/\/johnscotts.se\/kyrkogatan\/wp-json\/wp\/v2\/pages\/2107\/revisions"}],"predecessor-version":[{"id":2179,"href":"https:\/\/johnscotts.se\/kyrkogatan\/wp-json\/wp\/v2\/pages\/2107\/revisions\/2179"}],"wp:attachment":[{"href":"https:\/\/johnscotts.se\/kyrkogatan\/wp-json\/wp\/v2\/media?parent=2107"}],"curies":[{"name":"wp","href":"https:\/\/api.w.org\/{rel}","templated":true}]}}