{"id":899,"date":"2024-10-21T12:47:40","date_gmt":"2024-10-21T10:47:40","guid":{"rendered":"https:\/\/johnscotts.se\/lund\/?page_id=899"},"modified":"2026-05-11T13:54:56","modified_gmt":"2026-05-11T11:54:56","slug":"lunch","status":"publish","type":"page","link":"https:\/\/johnscotts.se\/lund\/lunch\/","title":{"rendered":"Lunch"},"content":{"rendered":"<div data-am-content><p><strong>Lunch v. 20<\/strong><\/p>\n<p><strong>Veckans k\u00f6tt<\/strong><\/p>\n<p>Stekta fl\u00e4skkotletter med \u00f6rtrostad potatis, tzatsiki, gratinerade tomater och grillad zucchini.<\/p>\n<p>Fried pork chops with herbroasted potatoes, tzatsiki, roasted tomatoes and grilled zuccihini.<\/p>\n<p>129kr<\/p>\n<p><strong>Veckans fisk<\/strong><\/p>\n<p>Seafood boil med korv, kokt potatis, majskolv, r\u00e4kor, bl\u00e5musslor, kummel, cajunkryddor och aioli.<\/p>\n<p>Seafood boil with sausage, boiled potatoes, corncob, shrimps, blue mussel, white fish, Cajun seasoning and aioli.<\/p>\n<p>139kr<\/p>\n<p><strong>Veckans Vegetariska<\/strong><\/p>\n<p>Risotto med parmesan, gr\u00f6na \u00e4rtor, broccolini, pinjen\u00f6tter och citronzest.<\/p>\n<p>Risotto with parmesan cheese, green peas, broccolini, pinenuts and lemon zest.<\/p>\n<p>129kr<\/p>\n<p>&nbsp;<\/p>\n<p>For allergies, or information about the origin of the meat please ask the staff.<\/p>\n<p><em>(Coffee or Tea are included)\u00a0<\/em><\/p>\n<p><strong><em>Lunch is between 12.00 &#8211; 15.30 Monday to Friday<\/em><\/strong><\/p>\n<\/div>","protected":false},"excerpt":{"rendered":"<p>Lunch v. 20 Veckans k\u00f6tt Stekta fl\u00e4skkotletter med \u00f6rtrostad potatis, tzatsiki, gratinerade tomater och grillad zucchini. Fried pork chops with herbroasted potatoes, tzatsiki, roasted tomatoes and grilled zuccihini. 129kr Veckans fisk Seafood boil med korv, kokt potatis, majskolv, r\u00e4kor, bl\u00e5musslor, kummel, cajunkryddor och aioli. Seafood boil with sausage, boiled potatoes, corncob, shrimps, blue mussel, white [&hellip;]<\/p>\n","protected":false},"author":17,"featured_media":0,"parent":0,"menu_order":0,"comment_status":"closed","ping_status":"closed","template":"","meta":{"_acf_changed":false,"footnotes":""},"class_list":["post-899","page","type-page","status-publish","hentry"],"acf":[],"_links":{"self":[{"href":"https:\/\/johnscotts.se\/lund\/wp-json\/wp\/v2\/pages\/899","targetHints":{"allow":["GET"]}}],"collection":[{"href":"https:\/\/johnscotts.se\/lund\/wp-json\/wp\/v2\/pages"}],"about":[{"href":"https:\/\/johnscotts.se\/lund\/wp-json\/wp\/v2\/types\/page"}],"author":[{"embeddable":true,"href":"https:\/\/johnscotts.se\/lund\/wp-json\/wp\/v2\/users\/17"}],"replies":[{"embeddable":true,"href":"https:\/\/johnscotts.se\/lund\/wp-json\/wp\/v2\/comments?post=899"}],"version-history":[{"count":132,"href":"https:\/\/johnscotts.se\/lund\/wp-json\/wp\/v2\/pages\/899\/revisions"}],"predecessor-version":[{"id":1110,"href":"https:\/\/johnscotts.se\/lund\/wp-json\/wp\/v2\/pages\/899\/revisions\/1110"}],"wp:attachment":[{"href":"https:\/\/johnscotts.se\/lund\/wp-json\/wp\/v2\/media?parent=899"}],"curies":[{"name":"wp","href":"https:\/\/api.w.org\/{rel}","templated":true}]}}