{"id":12,"date":"2017-06-19T16:14:44","date_gmt":"2017-06-19T14:14:44","guid":{"rendered":"http:\/\/johnscotts.se\/molndal\/?page_id=12"},"modified":"2019-01-31T14:16:07","modified_gmt":"2019-01-31T13:16:07","slug":"handelser","status":"publish","type":"page","link":"https:\/\/johnscotts.se\/molndal\/handelser\/","title":{"rendered":"H\u00e4ndelser"},"content":{"rendered":"<div data-am-content><p>H\u00e4r ser ni vad som h\u00e4nder hos oss under veckan. V\u00e4lkommen in!<\/p>\n<\/div>","protected":false},"excerpt":{"rendered":"<p>H\u00e4r ser ni vad som h\u00e4nder hos oss under veckan. V\u00e4lkommen in!<\/p>\n","protected":false},"author":1,"featured_media":40,"parent":0,"menu_order":0,"comment_status":"closed","ping_status":"closed","template":"templates\/template-events.php","meta":{"_acf_changed":false,"footnotes":""},"class_list":["post-12","page","type-page","status-publish","has-post-thumbnail","hentry"],"acf":[],"_links":{"self":[{"href":"https:\/\/johnscotts.se\/molndal\/wp-json\/wp\/v2\/pages\/12","targetHints":{"allow":["GET"]}}],"collection":[{"href":"https:\/\/johnscotts.se\/molndal\/wp-json\/wp\/v2\/pages"}],"about":[{"href":"https:\/\/johnscotts.se\/molndal\/wp-json\/wp\/v2\/types\/page"}],"author":[{"embeddable":true,"href":"https:\/\/johnscotts.se\/molndal\/wp-json\/wp\/v2\/users\/1"}],"replies":[{"embeddable":true,"href":"https:\/\/johnscotts.se\/molndal\/wp-json\/wp\/v2\/comments?post=12"}],"version-history":[{"count":4,"href":"https:\/\/johnscotts.se\/molndal\/wp-json\/wp\/v2\/pages\/12\/revisions"}],"predecessor-version":[{"id":119,"href":"https:\/\/johnscotts.se\/molndal\/wp-json\/wp\/v2\/pages\/12\/revisions\/119"}],"wp:featuredmedia":[{"embeddable":true,"href":"https:\/\/johnscotts.se\/molndal\/wp-json\/wp\/v2\/media\/40"}],"wp:attachment":[{"href":"https:\/\/johnscotts.se\/molndal\/wp-json\/wp\/v2\/media?parent=12"}],"curies":[{"name":"wp","href":"https:\/\/api.w.org\/{rel}","templated":true}]}}