{"id":58,"date":"2018-10-05T09:11:25","date_gmt":"2018-10-05T07:11:25","guid":{"rendered":"http:\/\/johnscotts.se\/molndal\/?page_id=58"},"modified":"2021-08-30T18:14:18","modified_gmt":"2021-08-30T16:14:18","slug":"konferens-grupp","status":"publish","type":"page","link":"https:\/\/johnscotts.se\/molndal\/konferens-grupp\/","title":{"rendered":"Konferens\/grupp"},"content":{"rendered":"<div data-am-content><p>\u00c4r ni en st\u00f6rre grupp eller ett g\u00e4ng kollegor som ska ha konferens? D\u00e5 har vi tv\u00e5 rum som passar extra bra f\u00f6r er. Ett lite st\u00f6rre rum med plats f\u00f6r 14-18 personer. Detta rum ligger med glasd\u00f6rrar mot hj\u00e4rtat i puben &#8211; \u00f6lk\u00e4llaren. Det andra rummet \u00e4r lite mindre och passar perfekt f\u00f6r s\u00e4llskap upp till 8 personer.<\/p>\n<p><em>Det st\u00f6rre rummet kostar 1250:- f\u00f6r upp till tre timmar och 2500:- f\u00f6r \u00f6ver tre timmar.<\/em><br \/>\n<em>Det lilla rummet kostar625:- f\u00f6r upp till tre timmar och 1250:- f\u00f6r \u00f6ver tre timmar.<\/em><\/p>\n<\/div>","protected":false},"excerpt":{"rendered":"<p>\u00c4r ni en st\u00f6rre grupp eller ett g\u00e4ng kollegor som ska ha konferens? D\u00e5 har vi tv\u00e5 rum som passar extra bra f\u00f6r er. Ett lite st\u00f6rre rum med plats f\u00f6r 14-18 personer. Detta rum ligger med glasd\u00f6rrar mot hj\u00e4rtat i puben &#8211; \u00f6lk\u00e4llaren. Det andra rummet \u00e4r lite mindre och passar perfekt f\u00f6r s\u00e4llskap [&hellip;]<\/p>\n","protected":false},"author":2,"featured_media":0,"parent":0,"menu_order":0,"comment_status":"closed","ping_status":"closed","template":"","meta":{"_acf_changed":false,"footnotes":""},"class_list":["post-58","page","type-page","status-publish","hentry"],"acf":[],"_links":{"self":[{"href":"https:\/\/johnscotts.se\/molndal\/wp-json\/wp\/v2\/pages\/58","targetHints":{"allow":["GET"]}}],"collection":[{"href":"https:\/\/johnscotts.se\/molndal\/wp-json\/wp\/v2\/pages"}],"about":[{"href":"https:\/\/johnscotts.se\/molndal\/wp-json\/wp\/v2\/types\/page"}],"author":[{"embeddable":true,"href":"https:\/\/johnscotts.se\/molndal\/wp-json\/wp\/v2\/users\/2"}],"replies":[{"embeddable":true,"href":"https:\/\/johnscotts.se\/molndal\/wp-json\/wp\/v2\/comments?post=58"}],"version-history":[{"count":8,"href":"https:\/\/johnscotts.se\/molndal\/wp-json\/wp\/v2\/pages\/58\/revisions"}],"predecessor-version":[{"id":894,"href":"https:\/\/johnscotts.se\/molndal\/wp-json\/wp\/v2\/pages\/58\/revisions\/894"}],"wp:attachment":[{"href":"https:\/\/johnscotts.se\/molndal\/wp-json\/wp\/v2\/media?parent=58"}],"curies":[{"name":"wp","href":"https:\/\/api.w.org\/{rel}","templated":true}]}}