{"id":262,"date":"2026-01-08T08:54:50","date_gmt":"2026-01-08T07:54:50","guid":{"rendered":"https:\/\/johnscotts.se\/twins\/?page_id=262"},"modified":"2026-04-02T12:24:25","modified_gmt":"2026-04-02T10:24:25","slug":"oppettider-fran-januari","status":"publish","type":"page","link":"https:\/\/johnscotts.se\/twins\/oppettider-fran-januari\/","title":{"rendered":"Nu \u00f6ppet alla dagar i veckan!"},"content":{"rendered":"<div data-am-content><h4>Nu \u00e4r v\u00e5ren h\u00e4r p\u00e5 riktigt och d\u00e5 har twins \u00f6ppet varje dag i veckan fr\u00e5n och med m\u00e5ndagen den 6 april.<\/h4>\n<h4>kom till oss och njut av v\u00e5r uteservering, v\u00e5r sport och v\u00e5r fredagsquiz.<\/h4>\n<h4>V\u00e5ra \u00f6ppettider \u00e4r f\u00f6ljande:<\/h4>\n<h4>M\u00e5ndag till torsdag 16.00-sent<\/h4>\n<h4>Fredag 15.00-sent<\/h4>\n<h4>L\u00f6rdag och s\u00f6ndag 12.00-sent<\/h4>\n<h4>S\u00e5 g\u00f6r som m\u00e5nga andra &#8211; ta dig till oss p\u00e5 torget och ha en trevligare kv\u00e4ll.<\/h4>\n<p>Vill du boka bord g\u00f6r du det enklast genom att mejla oss p\u00e5 <a href=\"mailto:arkivgatan@johnscotts.se\">arkivgatan@johnscotts.se<\/a><\/p>\n<\/div>","protected":false},"excerpt":{"rendered":"<p>Nu \u00e4r v\u00e5ren h\u00e4r p\u00e5 riktigt och d\u00e5 har twins \u00f6ppet varje dag i veckan fr\u00e5n och med m\u00e5ndagen den 6 april. kom till oss och njut av v\u00e5r uteservering, v\u00e5r sport och v\u00e5r fredagsquiz. V\u00e5ra \u00f6ppettider \u00e4r f\u00f6ljande: M\u00e5ndag till torsdag 16.00-sent Fredag 15.00-sent L\u00f6rdag och s\u00f6ndag 12.00-sent S\u00e5 g\u00f6r som m\u00e5nga andra &#8211; [&hellip;]<\/p>\n","protected":false},"author":26,"featured_media":0,"parent":0,"menu_order":0,"comment_status":"closed","ping_status":"closed","template":"","meta":{"_acf_changed":false,"footnotes":""},"class_list":["post-262","page","type-page","status-publish","hentry"],"acf":[],"_links":{"self":[{"href":"https:\/\/johnscotts.se\/twins\/wp-json\/wp\/v2\/pages\/262","targetHints":{"allow":["GET"]}}],"collection":[{"href":"https:\/\/johnscotts.se\/twins\/wp-json\/wp\/v2\/pages"}],"about":[{"href":"https:\/\/johnscotts.se\/twins\/wp-json\/wp\/v2\/types\/page"}],"author":[{"embeddable":true,"href":"https:\/\/johnscotts.se\/twins\/wp-json\/wp\/v2\/users\/26"}],"replies":[{"embeddable":true,"href":"https:\/\/johnscotts.se\/twins\/wp-json\/wp\/v2\/comments?post=262"}],"version-history":[{"count":6,"href":"https:\/\/johnscotts.se\/twins\/wp-json\/wp\/v2\/pages\/262\/revisions"}],"predecessor-version":[{"id":351,"href":"https:\/\/johnscotts.se\/twins\/wp-json\/wp\/v2\/pages\/262\/revisions\/351"}],"wp:attachment":[{"href":"https:\/\/johnscotts.se\/twins\/wp-json\/wp\/v2\/media?parent=262"}],"curies":[{"name":"wp","href":"https:\/\/api.w.org\/{rel}","templated":true}]}}